- -10100001101011011011?
10100001101011100000
In base 5, what is 20 - 432122?
-432102
In base 3, what is -101021120202 + -12?
-101021120221
In base 13, what is -2 + -b125?
-b127
In base 14, what is 61 + -120a?
-1189
In base 11, what is -29a - a?
-2a9
In base 4, what is 311332311 + 3?
311332320
In base 4, what is 230 + 3022?
3312
In base 7, what is 5 - -13111001?
13111006
In base 7, what is -5404 + 3?
-5401
In base 15, what is -2914 - 1?
-2915
In base 11, what is 97972 + -4?
97969
In base 2, what is -10 - 10111101110000001011?
-10111101110000001101
In base 13, what is -51c7 - 1?
-51c8
In base 14, what is 1 + -3b714?
-3b713
In base 15, what is -1 - 36cd8?
-36cd9
In base 11, what is 163 + 2274?
2427
In base 10, what is 41775 - 5?
41770
In base 8, what is -3 - 23065?
-23070
In base 16, what is -14 - -18d89?
18d75
In base 8, what is -205 + -3663?
-4070
In base 11, what is -593 - -1114?
631
In base 3, what is -201012021 - 1?
-201012022
In base 10, what is -1836432 - 1?
-1836433
In base 2, what is 11011001010011 + 1111?
11011001100010
In base 11, what is -5 - 9454?
-9459
In base 15, what is 1cb73 - 1?
1cb72
In base 11, what is 27 - -21041?
21068
In base 12, what is 6a132 + -1?
6a131
In base 13, what is 298 - 959?
-691
In base 4, what is -1301 + 3223?
1322
In base 4, what is -10312 - 103331?
-120303
In base 11, what is -60 - -317?
267
In base 7, what is 140 - 263?
-123
In base 12, what is -22b4 + 9?
-22a7
In base 10, what is 160729 - 4?
160725
In base 5, what is -33212 - -4132?
-24030
In base 16, what is -9dc - 7?
-9e3
In base 9, what is -111483 - 5?
-111488
In base 15, what is -1a + 106?
db
In base 9, what is 11 + 172181?
172202
In base 16, what is -f - -1034?
1025
In base 5, what is -24104 - 2413?
-32022
In base 16, what is 28 - -d49c?
d4c4
In base 16, what is -1d80 + 4c?
-1d34
In base 5, what is -1002410 + 0?
-1002410
In base 9, what is -3 - -600410?
600406
In base 14, what is -3 + -3cc05?
-3cc08
In base 16, what is -19d00 - 2?
-19d02
In base 7, what is -430244 + -5?
-430252
In base 5, what is 13 - 211044?
-211031
In base 11, what is -4 + 4481?
4478
In base 14, what is -26 - -2878?
2852
In base 4, what is -230113 - 1222?
-232001
In base 14, what is 3 - 206a3?
-206a0
In base 13, what is -912 - -7?
-908
In base 15, what is 1 - -67b71?
67b72
In base 2, what is 1 - -10001101010011101?
10001101010011110
In base 9, what is -1 + -325085?
-325086
In base 10, what is -1312 + 96?
-1216
In base 15, what is 2821d - 23?
281ea
In base 11, what is -15a - 12?
-171
In base 10, what is 2750594 + 4?
2750598
In base 4, what is 10321030023 + 11?
10321030100
In base 3, what is 2222221002 - 21?
2222220211
In base 11, what is -22349 + -3?
-22351
In base 10, what is 15362 - 13?
15349
In base 2, what is 11 - 1000110110100000?
-1000110110011101
In base 10, what is -1 - 764?
-765
In base 12, what is -4420 - 6?
-4426
In base 7, what is -22 + -11462?
-11514
In base 8, what is 146 - -3237?
3405
In base 8, what is 4562 - -34?
4616
In base 13, what is -22 + -7370?
-7392
In base 3, what is 11022200210 + 1?
11022200211
In base 10, what is -133 + 1090?
957
In base 11, what is -1721 - a0?
-1811
In base 10, what is 3 + -641823?
-641820
In base 7, what is -1422166 - -2?
-1422164
In base 11, what is 0 + -2142?
-2142
In base 8, what is 26544 + -6?
26536
In base 3, what is -11 - 1100110112122?
-1100110112210
In base 4, what is -103300311 - 1?
-103300312
In base 8, what is -434342 + 2?
-434340
In base 15, what is 53e + -10?
52e
In base 3, what is -11 + -1000201202122?
-1000201202210
In base 2, what is -11000011010000 + -11?
-11000011010011
In base 11, what is -1384 - -102?
-1282
In base 11, what is aa - 271?
-172
In base 4, what is 1102 - -10010?
11112
In base 3, what is 102000 - 100110?
1120
In base 11, what is -936 - -8?
-929
In base 12, what is 5223 + -8?
5217
In base 3, what is 2020122222 + -11?
2020122211
In base 12, what is 5 - -39257b?
392584
In base 16, what is -1b5 - -69?
-14c
In base 2, what is -101 - -11000011101011?
11000011100110
In base 2, what is 100010010 - 1000000010010?
-111100000000
In base 11, what is 1 + 27a0a?
27a10
In base 14, what is -400 - -1b1?
-22d
In base 2, what is 1010 + -1001011110101111110?
-1001011110101110100
In base 10, what is 978 + -47?
931
In base 2, what is 111100 - 11101110011?
-11100110111
In base 2, what is 1001000011 - 1010111011011?
-1001110011000
In base 5, what is 0 + 320321?
320321
In base 13, what is -48 + -c37?
-c82
In base 7, what is -3523 - 3436?
-10262
In base 11, what is 5 + -a2682?
-a2678
In base 15, what is -589a15 - -2?
-589a13
In base 16, what is -f56 + -23?
-f79
In base 10, what is 2188 + 3?
2191
In base 16, what is eb + 22f?
31a
In base 13, what is 96 + -3?
93
In base 3, what is 2100 + -1110222?
-1101122
In base 10, what is -3 - 37476?
-37479
In base 13, what is -3 - -1aa4b?
1aa48
In base 2, what is -101010011 - -111101001000?
110111110101
In base 3, what is 100100 - 201010?
-100210
In base 6, what is 2231 + 240?
2511
In base 8, what is -306 + -7267?
-7575
In base 6, what is -40 - 234111?
-234151
In base 7, what is 526403 - 4?
526366
In base 8, what is -10 - 2664553?
-2664563
In base 10, what is -1063 - 1997?
-3060
In base 9, what is 787 + -503?
284
In base 4, what is -11 - 20103112001?
-20103112012
In base 5, what is -110032 - -4213?
-100314
In base 14, what is 56570 - 2?
5656c
In base 5, what is -1 - -3342143?
3342142
In base 2, what is 11010110111100101 - -10?
11010110111100111
In base 7, what is -2 + 301166?
301164
In base 7, what is -24 - 103416?
-103443
In base 9, what is 10557 - -66?
10634
In base 7, what is -1234024 + -3?
-1234030
In base 5, what is -2133024 + -14?
-2133043
In base 4, what is 230032 + 1322?
232020
In base 2, what is -10 + -10111100101110100?
-10111100101110110
In base 10, what is -4 - 470626?
-470630
In base 12, what is -42 + -3799?
-381b
In base 12, what is -21759 - 1?
-2175a
In base 15, what is 1291d - 2?
1291b
In base 12, what is 1818b6 - -2?
1818b8
In base 15, what is 1 - -1c71?
1c72
In base 6, what is 14 + -354303?
-354245
In base 4, what is 110210303 - -3?
110210312
In base 3, what is -1222201 + -10012?
-2002220
In base 15, what is -88ea - 5?
-8900
In base 14, what is -b21 - -342?
-7bd
In base 13, what is 3 - -1904c6?
1904c9
In base 11, what is -10a22 - 2?
-10a24
In base 11, what is -38 + 426?
399
In base 4, what is -103120033 - -10?
-103120023
In base 15, what is -cea + 7?
-ce3
In base 10, what is -61995 - 5?
-62000
In base 11, what is 1 - 35506?
-35505
In base 12, what is 4 + -11b663?
-11b65b
In base 7, what is 5 - -2133512?
2133520
In base 7, what is 4456 + 120?
4606
In base 12, what is -9 - -97?
8a
In base 16, what is 1 - -36f5?
36f6
In base 8, what is -17113 - 1?
-17114
In base 14, what is -1d846 - 0?
-1d846
In base 11, what is -4126 - 21?
-4147
In base 15, what is -21ea3 + -4?
-21ea7
In base 4, what is -13 + -32322?
-33001
In base 5, what is 1041333 - 32?
1041301
In base 13, what is 3223 + 8?
322b
In base 6, what is 24421 - 134?
24243
In base 12, what is -3b5 - -62?
-353
In base 5, what is -43003301 - 3?
-43003304
In base 3, what is -11 - -21210220001?
21210212220
In base 16, what is -17e61 - 2?
-17e63
In base 16, what is -9 + 1be9?
1be0
In base 15, what is -2 + 9bb?
9b9
In base 7, what is 164 + 155?
352
In base 16, what is 11fc - -3?
11ff
In base 4, what is 3301130 - -330?
3302120
In base 9, what is -4 - 807482?
-807486
In base 16, what is 2 - -2f03?
2f05
In base 13, what is -457 - 398?
-822
In base 11, what is 13 - 78?
-65
In base 14, what is 0 - -1b52b?
1b52b
In base 5, what is 33 + 2311023?
2311111
In base 11, what is -2 - 47172?
-47174
In base 14, what is 10a34 - 5?
10a2d
In base 5, what is 122213 + -14?
122144
In base 11, what is -64a8 - -1a4?
-6304
In base 12, what is -1b6 + -195?
-38b
In base 15, what is b44 + -172?
9c2
In base 2, what is -10000 - -100101101000?
100101011000
In base 5, what is 211 + 332343?
333104
In base 14, what is 2a0 - -22?
2c2
In base 13, what is 5 - 8c2a2?
-8c29a
In base 9, what is 11740 + -56?
11673
In base 4, what is -131321101 - 3?
-131321110
In base 4, what is 1 - -311333?
312000
In base 15, what is 2 - -2893d?
28940
In base 11, what is 741 - -108?
849
In base 6, what is 2231 + -13124?
-10453
In base 4, what is 1 - -121013311?
121013312
In base 14, what is 